
Evaluate -5 - (11 + -13 + -1).
-2
Evaluate (-2 - (-2 + 0 - -3)) + (-34 - -40).
3
What is the value of 3 - 4 - (10 + 12 + -3 - -5)?
-25
Calculate 17 - ((-7 - -7) + 22 - 11).
6
Calculate (-81 - -55) + -3 + 13.
-16
What is -13 - -7 - -13 - 7?
0
Evaluate 6 + (-15 - (-17 - -1)).
7
What is the value of 3 + (-7 - (5 + -6)) + (0 - -9)?
6
(0 + 14 - 4) + 154 + -147
17
What is the value of 1 + (11 + -20 - 19)?
-27
Calculate -8 + -10 + 6 + -10 + -8 + 1.
-29
Evaluate 12 - (32 - (-32 + 51)).
-1
13 - (8 - (-14 - 4))
-13
What is -7 + (3 - 12) + (9 - 0) + -4?
-11
What is 96 - 69 - 11 - (1 + -13)?
28
Calculate -2 - (104 + -87 + 2 + (-2 - -1)).
-20
(16 - 9) + -16 + 13
4
What is the value of -1 - (16 + (-41 - (-9 - 2)))?
13
80 - 86 - (-9 - -1) - (-1 - -14)
-11
Calculate -14 + (-12 - 5) + 39.
8
Calculate 1 + -8 + 8 + 0 + 1.
2
Evaluate (-8 - (9 - (0 - -23))) + (1 - 4).
3
What is -4 - -2 - (7 - 3) - (28 + -17)?
-17
Evaluate 2 - (97 - 48) - -48.
1
-32 + -14 + 80 + -10
24
What is the value of -20 + -11 + 9 + 10?
-12
What is the value of -11 - (2 + -2) - (12 - 42 - -19)?
0
What is -9 - (-15 - (18 + (-17 - 12)))?
-5
Calculate 2 + -7 + 11 - 4 - -6.
8
What is the value of 0 + (-2 + 0 - (34 + -39))?
3
Evaluate -3 + 21 + -21 - -15.
12
Evaluate 8 - (9 + 8 + -23).
14
Calculate (-7 - (0 - -1)) + (-14 - (78 + -120)).
20
What is the value of 0 + -10 + (3 - 1) - (-242 - -237)?
-3
What is the value of -6 + -3 + -6 + 13 + -7 + 36?
27
-17 - 1 - (48 - (26 - 2) - 13)
-29
What is the value of -16 + -10 + 8 + (2 - -4)?
-12
-37 + 4 + 9 + 41
17
What is (-592 - -622) + (-2 - -1)?
29
Evaluate -320 - -312 - (-21 - 3 - 0).
16
What is the value of 18 - (1 + 3 - (-2 - 0))?
12
What is the value of -5 + (2 - -7) + 43 + -19?
28
Evaluate 45 + 10 + 14 + -38.
31
Calculate (-51 - -80 - 41) + 0 + 5.
-7
Calculate 4 + (5 - 1) + -9.
-1
What is (1 - 0) + 7 - (-1 + -9 - -9)?
9
Calculate -1 - -7 - (-8 - (3 + -2)) - 0.
15
Evaluate -4 - (-21 - (-30 + -5) - (0 + 12)).
-6
6 - -1 - -2 - 4 - 1
4
Evaluate 1 - (-7 + -3 - -8).
3
What is -3 - (-2 - -3 - 1 - (47 + -67))?
-23
What is the value of 1 - 8 - (-9 - (3 - (6 + 1)))?
-2
Evaluate 1 + (1 + -2 - (592 + -601)).
9
What is (2 - -8 - 5) + 4 + -9?
0
Calculate -1 + -1 + (26 + -25 - 12).
-13
Evaluate 8 + -4 - (-34 - -37).
1
Calculate -3363 + 3332 - (1 + -29).
-3
Calculate -1 + -15 + -16 + 53 + -40.
-19
Evaluate -121 + 101 + (3 - -18).
1
What is -3 - (-2 + 5 + -6 + -8) - 4?
4
What is (-1 - 27 - 14 - -9) + 17?
-16
What is 14 + -7 + 5 + 4 + -8?
8
Calculate 10 - ((-8 - -2) + -2 + -7 + 10).
15
What is the value of (8 - 2) + (6 + -2 - -12)?
22
Calculate 14 + (-33 + 3 - 7).
-23
((-8 - 2) + -3 - -39) + (0 - 2)
24
Calculate 0 + 0 + (-223 - -233) + -27.
-17
What is the value of 124 - 131 - (0 + (2 - (2 + 0)))?
-7
13 + -18 + -1 + (3 - -2)
-1
What is 0 - (2 + 4 + -12 + -1 + -1)?
8
Evaluate 16 - 34 - -14 - (0 + -6).
2
(0 - (-4 - -9)) + (-8 - (-10 + 8))
-11
What is the value of 3 + 1 + -4 + 7 + -12?
-5
Evaluate -11 + 0 - (-675 - -677).
-13
(1 - (-4 + -9)) + -17 - -3
0
6 + 10 + (33 - 66)
-17
What is the value of -3 + 4 - -1 - (11 - -1)?
-10
Calculate -13 - ((-42 - -17) + 2).
10
Evaluate -2 + (4 + -11 - (-19 + -2 - 2)).
14
Calculate (12 - (7 + 0) - -1) + (4 - -1).
11
Evaluate 16 - (-5 - (1 + (5 - (5 - -13)))).
9
Evaluate 0 + (-4 - 8 - -11 - -22).
21
Calculate (1 + -14 - -14) + (-27 - (2 - 7)).
-21
What is the value of (6 - -8) + -106 + 86?
-6
What is (22 - (-1 - 0)) + 52 + (-68 - -6)?
13
Evaluate 295 + -302 + -3 + (-12 - (0 + -2)).
-20
23 + -21 - (16 + 22)
-36
-90 + 15 + 41 - -13
-21
Calculate -33 - -29 - ((-1 - -9) + -2).
-10
What is the value of -12 + -20 + 64 + -66 + -2 + 11?
-25
Calculate (4 - -2) + (-1 - -5) + (37 - 43).
4
What is 21 - (-20 + (2 - (-7 - 1)) + 17)?
14
What is -15 - 0 - ((17 - 38) + 14)?
-8
What is 18 - 18 - 10 - 5?
-15
What is the value of -5 - (-3 - (6 - -4))?
8
Evaluate 23 + 1 + -15 + 11 + -5.
15
Evaluate 3 - (-6 - (-6 - 2) - -13).
-12
(43 - -8) + -28 + (16 - 3)
36
Calculate 2 + 2 + -14 + -4 + -14 + 17.
-11
7 + 2 - (31 - (11 - -12))
1
Calculate (2 - (-11 + 10 + -5)) + 4.
12
Calculate 17 - 21 - (-5 - (-12 + 6)).
-5
(19 - 29) + (14 - 3)
1
Evaluate -38 - (269 + -272 + (-2 - 4)).
-29
What is the value of 7 + (8 - (-3 + 11)) + -19?
-12
-9 + 1 - (-103 - (-55 + -3))
37
Evaluate 0 - (-1 + (-3 - 1) + 12).
-7
Calculate (-9 - (-10 - 1) - 8) + -1 - 10.
-17
(3 - 11) + (386 - 384)
-6
1 + (14 - 1) - (5 - (-5 + 9))
13
What is the value of (30 - (-39 - -77)) + 16?
8
Calculate 16 - 1 - (-7 - -2).
20
Evaluate (10 - (4 - -2) - 2) + 9.
11
What is the value of 39 + -43 - (-2 - (1 + -5))?
-6
What is the value of -30 + 10 + 32 - -15?
27
Evaluate 7 - (16 + -7 + 5).
-7
What is 20 + 20 + -13 + -30?
-3
Calculate (12 - 0) + 21 + 5 + -30.
8
-6 + 12 + 46 + -51
1
-6 + 0 + -8 + (8 - 3)
-9
What is the value of 4 + (5 - 13 - 1 - -7)?
2
What is the value of -6 - (0 + -4 + -24 + 4 + -3)?
21
What is -31 - -51 - 17 - (-3 - -1 - 1)?
6
Evaluate -8 - (40 + -31 + -3 + -1 + -10).
-3
What is -5 + 9 + 12 + -27 - -16?
5
Evaluate 16 - (-1 - (6 + -13) - -4).
6
(1 - 1) + (0 - 2) + 0 - 5
-7
What is (-58 + 43 - (-1 + -2)) + (8 - 4)?
-8
What is -1 - (1 + 2 - (4 - (7 - 10)))?
3
What is the value of 1 + 27 - 22 - -12?
18
Evaluate 42 + (1 - (6 + 6) - (25 - 28)).
34
(-11 - -32) + -39 - -18
0
What is the value of 4 + 1 + -6 + 13 + (-3 - -1)?
10
29 - 7 - 22 - 7
-7
-22 - (23 + 3 - 43)
-5
3 + -15 - (-40 - -20) - 31
-23
Evaluate -455 + 479 - (20 + 2).
2
1561 - 1586 - (-2 - 5)
-18
-14 + 22 + 6 - 8
6
What is the value of -19 + -2 - (-478 - -461)?
-4
What is the value of -4 + -8 - -10 - (-1 - 2)?
1
(8 - 1 - (-354 + 370)) + 6
-3
-4 + (10 - 3 - 2)
1
Evaluate 2 + -12 + 11 + 2.
3
Calculate (-111 - -102) + (4 - (-5 - 4 - -3)).
1
Evaluate (11 - (7 + 3)) + (1 - -1) - -4.
7
Evaluate -80 + 96 + (-31 - 0).
-15
What is -17 - ((-39 - -23) + 22)?
-23
What is the value of 5 + -7 + -6 + (-3 - 1)?
-12
Calculate -2 + -6 - 1 - (15 - 19).
-5
What is the value of 4 + -19 - (41 + -48 + 20)?
-28
What is the value of -12 + 57 + -59 + 5 + (-2 - 0)?
-11
Calculate (0 - 10) + -63 + 78 + (30 - 0).
35
What is the value of 14 + -35 - (-13 - -2)?
-10
Evaluate 64 - 45 - (33 + -1).
-13
18 + 2 + 4 + (16 - 31)
9
Calculate 4 + -7 + 37 + -10.
24
What is (17 - (15 + 12)) + (-3 - -25)?
12
Calculate -3 - 0 - 1 - -12.
8
What is the value of (0 - 3) + 8 + (-7 - -1 - 10)?
-11
1 + -16 - (-40 + 30) - (-2 + -38)
35
What is the value of 9 - (-15 + 7 + 4)?
13
Calculate 4 + -1 + (-77 - -61).
-13
Evaluate -5 - (-2 - (-5 + (-10 - -18))).
0
Calculate -16 + (18 - -10) + -24.
-12
Calculate -4 + (0 - (3 + -11 + 6)) + -2.
-4
Evaluate 5 + -4 - ((-10 - (10 + -14)) + -12).
19
9 - (19 + (-1 - 4))
-5
What is the value of 230 - 263 - (-15 + 7)?
-25
What is 48 + -109 + 56 + 1 + -3?
-7
-3 - -8 - 13 - 2
-10
What is the value of 17 + -45 + 5 - -23?
0
What is the value of 20 + 0 + -18 + 2 + 18?
22
Calculate (-6 - 5) + 15 + 2 + -2 + 7.
11
What is the value of -32 - (-7 + 1 + 7) - -13?
-20
What is (-17 - -22) + 1 + (3 - 3) + 1?
7
20 + -20 + -29 + 5
-24
-5 + -1 + 4 + 10 + 10
18
What is the value of (-30 - -25 - -21) + -36?
-20
What is the value of -57 + 34 - (-16 + 8 + (1 - 0))?
-16
Evaluate (-1 - (7 + (26 - 18))) + 42.
26
Calculate 4 - -1 - (11 - (1 + 3 - -3)).
1
What is 29 + -24 + 13 - (17 + -10)?
11
420 + -422 - (0 - -6)
-8
318 - 320 - (14 - 1) - (2 - -2)
-19
Evaluate -13 - (-37 - (-12 + -12)).
0
Calculate 4 + 0 + (3 - (5 + -6)) + -2.
6
Evaluate -2 + (0 + 10 - 3) + -2.
3
What is the value of (-4 + 5 - 10 - -3) + 0 + 19?
13
What is the value of (163 - 153) + (-2 - -3)?
11
Evaluate -2 - 4 - (-2 - (6 - 12)).
-10
Evaluate 3 - 4 - (3 + -11 + 5 + -2).
4
What is 25 + -14 - (6 - -17)?
-12
Evaluate (-12 - -7 - -6) + -2.
-1
What is the value of -1 + -14 - (459 - 461)?
-13
(-42 - 2) + 10 + -5 - -10
-29
Evaluate 19 - 11 - (17 + -1).
-8
Evaluate 25 - (-29 - -43) - (-1 - -26).
-14
What is the value of 2 + -2 + 0 + -12 + -22 + 23?
-11
Evaluate (1 - 6 - -3) + 9 - (-10 - -5).
12
Calculate (2 + -2 - -11) + 5 + -7 + -2.
7
What is 2 + (-17 - -8) + 26?
19
Evaluate -10 + 25 + (-11 - -23).
27
3 - (-11 + 5) - -2 - (2 + 15)
-6
Calculate -41 - (2 + (-31 - -4)).
-16
-22 - -13 - (-7 - (-2 + -15 + 8))
-11
Evaluate -24 + 14 + (13 - -8).
11
Calculate (67 - 37) + (7 - 49).
-12
What is the value of -33 + 31 + 30 - 36?
-